{"id":583,"date":"2022-05-25T16:33:25","date_gmt":"2022-05-25T14:33:25","guid":{"rendered":"https:\/\/chemindesoie.com\/?page_id=583"},"modified":"2022-05-25T16:42:19","modified_gmt":"2022-05-25T14:42:19","slug":"energetic-house-cleaning-2","status":"publish","type":"page","link":"https:\/\/chemindesoie.com\/?page_id=583","title":{"rendered":"Nettoyage \u00e9nerg\u00e9tique des lieux"},"content":{"rendered":"<div  style='height:30px' class='hr hr-invisible   avia-builder-el-0  el_before_av_heading  avia-builder-el-first '><span class='hr-inner ' ><span class='hr-inner-style'><\/span><\/span><\/div>\n<div  style='padding-bottom:10px; ' class='av-special-heading av-special-heading-h4  blockquote modern-quote  avia-builder-el-1  el_after_av_hr  el_before_av_textblock  '><h4 class='av-special-heading-tag '  >Nettoyage \u00e9nerg\u00e9tique des lieux<\/h4><div class='special-heading-border'><div class='special-heading-inner-border' ><\/div><\/div><\/div>\n<section class=\"av_textblock_section \" ><div class='avia_textblock  '  ><p class=\"module--translations-translatedtext js-module--translations-translatedtext\" data-size=\"s\"><strong>Se pr\u00e9parer pour l&rsquo;entreprise:<\/strong><\/p>\n<p class=\"module--translations-translatedtext js-module--translations-translatedtext\" data-size=\"s\">Voulez-vous attirer quelqu&rsquo;un de sp\u00e9cial dans votre maison mais n&rsquo;avez pas beaucoup de succ\u00e8s? Si c&rsquo;est le cas, envisagez de changer l&rsquo;\u00e9nergie de votre logement. Une lecture \u00e9nergique de votre maison et des suggestions sur la fa\u00e7on de changer la vibration aideront \u00e0 inviter la compagnie que vous d\u00e9sirez dans votre vie.<\/p>\n<p data-size=\"s\">\n<p data-size=\"s\"><strong>D\u00e9m\u00e9nagement:<\/strong><\/p>\n<p class=\"module--translations-translatedtext js-module--translations-translatedtext\" data-size=\"s\">Vous \u00eates sur le point d&#8217;emm\u00e9nager dans un nouvel espace, mais vous \u00eates pr\u00e9occup\u00e9 par l&rsquo;\u00e9nergie qui existe dans votre nouvelle maison? Ressentez-vous le besoin de changer la vibration de votre maison actuelle de la m\u00eame mani\u00e8re que vous red\u00e9coreriez ou d\u00e9placeriez des meubles? Une lecture \u00e9nergique de votre maison vous donnera les informations dont vous avez besoin pour vous aider \u00e0 am\u00e9nager votre espace d&rsquo;une mani\u00e8re nouvelle. Effacer les mauvaises vibrations et les invit\u00e9s ind\u00e9sirables.<\/p>\n<p data-size=\"s\">\n<div class=\"module--translations-translatedtext js-module--translations-translatedtext is-placeholder\" data-size=\"s\"><strong>Effacer les mauvaises vibrations et les invit\u00e9s ind\u00e9sirables:<\/strong><\/div>\n<div data-size=\"s\"><\/div>\n<div class=\"module--translations-translatedtext js-module--translations-translatedtext is-placeholder\" data-size=\"s\">Les \u00e9v\u00e9nements traumatisants dans une maison laissent des vibrations durables et troublantes. Les anciens r\u00e9sidents qui ont souffert de d\u00e9pression, de solitude, de violence familiale, de toxicomanie ou d&rsquo;abus d&rsquo;alcool peuvent \u00e9tablir une vibration qui peut \u00eatre difficile \u00e0 \u00e9branler. La mort par surdose ou suicide peut entra\u00eener un sentiment palpable d&rsquo;effroi et de tristesse \u00e0 la maison. Parfois, l&rsquo;esprit du d\u00e9funt persiste et a besoin d&rsquo;aide pour se rendre dans sa vraie maison. Cela n\u00e9cessite un nettoyage \u00e9nerg\u00e9tique en profondeur. Si vous \u00eates un propri\u00e9taire qui veut un nouveau d\u00e9part dans votre location, ou si vous venez d&rsquo;acheter une maison qui a besoin d&rsquo;un red\u00e9marrage \u00e9nerg\u00e9tique s\u00e9rieux, appelez-moi.<\/div>\n<div data-size=\"s\"><\/div>\n<div data-size=\"s\"><\/div>\n<div data-size=\"s\"><\/div>\n<div data-size=\"s\">Pour votre prise de rendez-vous, <a href=\"http:\/\/chemindesoie.com\/?page_id=8\">CLIQUEZ ICI<\/a>.<\/div>\n<\/div><\/section>\n","protected":false},"excerpt":{"rendered":"","protected":false},"author":1,"featured_media":0,"parent":0,"menu_order":0,"comment_status":"closed","ping_status":"closed","template":"","meta":[],"_links":{"self":[{"href":"https:\/\/chemindesoie.com\/index.php?rest_route=\/wp\/v2\/pages\/583"}],"collection":[{"href":"https:\/\/chemindesoie.com\/index.php?rest_route=\/wp\/v2\/pages"}],"about":[{"href":"https:\/\/chemindesoie.com\/index.php?rest_route=\/wp\/v2\/types\/page"}],"author":[{"embeddable":true,"href":"https:\/\/chemindesoie.com\/index.php?rest_route=\/wp\/v2\/users\/1"}],"replies":[{"embeddable":true,"href":"https:\/\/chemindesoie.com\/index.php?rest_route=%2Fwp%2Fv2%2Fcomments&post=583"}],"version-history":[{"count":6,"href":"https:\/\/chemindesoie.com\/index.php?rest_route=\/wp\/v2\/pages\/583\/revisions"}],"predecessor-version":[{"id":595,"href":"https:\/\/chemindesoie.com\/index.php?rest_route=\/wp\/v2\/pages\/583\/revisions\/595"}],"wp:attachment":[{"href":"https:\/\/chemindesoie.com\/index.php?rest_route=%2Fwp%2Fv2%2Fmedia&parent=583"}],"curies":[{"name":"wp","href":"https:\/\/api.w.org\/{rel}","templated":true}]}}