{"id":263,"date":"2018-08-02T18:39:36","date_gmt":"2018-08-02T16:39:36","guid":{"rendered":"http:\/\/chemindesoie.com\/?page_id=263"},"modified":"2022-05-24T16:50:14","modified_gmt":"2022-05-24T14:50:14","slug":"osteopathehypnosenaturopathereiki-a-bruxellespariscote-dazur-9","status":"publish","type":"page","link":"https:\/\/chemindesoie.com\/?page_id=263","title":{"rendered":"Le f\u00e9minin sacr\u00e9"},"content":{"rendered":"<div  style='height:30px' class='hr hr-invisible   avia-builder-el-0  el_before_av_heading  avia-builder-el-first '><span class='hr-inner ' ><span class='hr-inner-style'><\/span><\/span><\/div>\n<div  style='padding-bottom:10px; ' class='av-special-heading av-special-heading-h4  blockquote modern-quote  avia-builder-el-1  el_after_av_hr  el_before_av_textblock  '><h4 class='av-special-heading-tag '  >Le f\u00e9minin sacr\u00e9<\/h4><div class='special-heading-border'><div class='special-heading-inner-border' ><\/div><\/div><\/div>\n<section class=\"av_textblock_section \" ><div class='avia_textblock  '  ><p>Le f\u00e9minin sacr\u00e9, c&rsquo;est une source d&rsquo;\u00e9nergie puissante et infinie.Pour vous connecter \u00e0 celle-ci,il est bon de se d\u00e9conditionner de tout ce qui lui a \u00e9t\u00e9 attribu\u00e9 depuis la nuit des temps. Il se caract\u00e9rise par le cot\u00e9 sensible de la femme,l&rsquo;intuition,la cr\u00e9ation,la r\u00e9ception,le non-manifest\u00e9,la douceur,c&rsquo;est tout ce qui est int\u00e9rieur,les ressentis: c&rsquo;est le Yin.<br \/>\nC&rsquo;est la reconnexion \u00e0 ses dons ancestraux,la capacit\u00e9 \u00e0 s&rsquo;occuper des autres,\u00e0 soigner,donner et se donner de l&rsquo;amour dans son expression la plus pure.<br \/>\nIl est temps de vous explorer Mesdames, on est cyclique&#8230; comme la Lune. Il est essentiel de f\u00eater la femme,de vous connecter \u00e0 votre puissance qui sommeille en chacune de vous.<br \/>\nLe f\u00e9minin sacr\u00e9 manifest\u00e9 est une Femme libre dans ce qu&rsquo;elle est,sans dict\u00e2t.<br \/>\nOn a une chance inou\u00efe d&rsquo;\u00eatre n\u00e9e Femme.<\/p>\n<p>\u00a0<\/p>\n<p><img loading=\"lazy\" class=\" wp-image-356 aligncenter\" src=\"http:\/\/chemindesoie.com\/wp-content\/uploads\/2018\/08\/f\u00e9minin-sacr\u00e9.jpg\" alt=\"\" width=\"249\" height=\"311\" \/><\/p>\n<\/div><\/section>\n","protected":false},"excerpt":{"rendered":"","protected":false},"author":1,"featured_media":0,"parent":0,"menu_order":0,"comment_status":"closed","ping_status":"closed","template":"","meta":[],"_links":{"self":[{"href":"https:\/\/chemindesoie.com\/index.php?rest_route=\/wp\/v2\/pages\/263"}],"collection":[{"href":"https:\/\/chemindesoie.com\/index.php?rest_route=\/wp\/v2\/pages"}],"about":[{"href":"https:\/\/chemindesoie.com\/index.php?rest_route=\/wp\/v2\/types\/page"}],"author":[{"embeddable":true,"href":"https:\/\/chemindesoie.com\/index.php?rest_route=\/wp\/v2\/users\/1"}],"replies":[{"embeddable":true,"href":"https:\/\/chemindesoie.com\/index.php?rest_route=%2Fwp%2Fv2%2Fcomments&post=263"}],"version-history":[{"count":8,"href":"https:\/\/chemindesoie.com\/index.php?rest_route=\/wp\/v2\/pages\/263\/revisions"}],"predecessor-version":[{"id":501,"href":"https:\/\/chemindesoie.com\/index.php?rest_route=\/wp\/v2\/pages\/263\/revisions\/501"}],"wp:attachment":[{"href":"https:\/\/chemindesoie.com\/index.php?rest_route=%2Fwp%2Fv2%2Fmedia&parent=263"}],"curies":[{"name":"wp","href":"https:\/\/api.w.org\/{rel}","templated":true}]}}