{"id":245,"date":"2018-08-01T23:26:29","date_gmt":"2018-08-01T21:26:29","guid":{"rendered":"http:\/\/chemindesoie.com\/?page_id=245"},"modified":"2022-05-24T16:50:44","modified_gmt":"2022-05-24T14:50:44","slug":"osteopathehypnosenaturopathereiki-a-bruxellespariscote-dazur-10","status":"publish","type":"page","link":"https:\/\/chemindesoie.com\/?page_id=245","title":{"rendered":"Le pardon"},"content":{"rendered":"<div  style='height:30px' class='hr hr-invisible   avia-builder-el-0  el_before_av_heading  avia-builder-el-first '><span class='hr-inner ' ><span class='hr-inner-style'><\/span><\/span><\/div>\n<div  style='padding-bottom:10px; ' class='av-special-heading av-special-heading-h4  blockquote modern-quote  avia-builder-el-1  el_after_av_hr  el_before_av_textblock  '><h4 class='av-special-heading-tag '  >Le pardon<\/h4><div class='special-heading-border'><div class='special-heading-inner-border' ><\/div><\/div><\/div>\n<section class=\"av_textblock_section \" ><div class='avia_textblock  '  ><p>Le pardon est un v\u00e9ritable cadeau \u00e0 s&rsquo;offrir et \u00e0 offrir \u00e0 tout notre entourage tout au long de notre vie.Il est indispensable pour continuer \u00e0 avancer sur le chemin de soi. C&rsquo;est un acte de gu\u00e9rison car il nous permet de devenir meilleur,plus sage,d\u00e9tach\u00e9 des \u00e9v\u00e9nements ,compatissant, courageux et aimant.<br \/>\nM\u00eame s&rsquo;il reste un acte essentiel et incontournable, suivant nos convictions profondes ,il ne se donne pas facilement.Comme le disait si bien Nelson Mandela \u00ab\u00a0Quand tu pardonnes tu ne changes pas le pass\u00e9 mais tu changes assur\u00e9ment l&rsquo;avenir.\u00a0\u00bb<br \/>\nLe pardon doit \u00eatre pur, sinc\u00e8re. Soyez honn\u00eate avec vous m\u00eame, il faut \u00eatre pr\u00eat \u00e0 envoyer un amour inconditionnel \u00e0 soi et \u00e0 l&rsquo;autre.<br \/>\nLorsque nous sommes sous l&#8217;emprise d&rsquo;une ou plusieurs blessures, entretenir le ressentiment est \u00e9nergivore.<br \/>\nLe pardon, on le fait d&rsquo;abord pour soi,pour s&rsquo;apaiser&#8230;L&rsquo;autre n&rsquo;a pas besoin de le savoir.<\/p>\n<p>\u00a0<\/p>\n<p><img loading=\"lazy\" class=\" wp-image-339 aligncenter\" src=\"http:\/\/chemindesoie.com\/wp-content\/uploads\/2018\/08\/pardon.jpg\" alt=\"\" width=\"461\" height=\"293\" \/><\/p>\n<p>\u00a0<\/p>\n<p>Vous \u00eates les bienvenues quand vous vous sentez pr\u00eat \u00e0 Pardonner, et \u00e0 prendre le chemin de l&rsquo;amour inconditionnel.<\/p>\n<\/div><\/section>\n","protected":false},"excerpt":{"rendered":"","protected":false},"author":1,"featured_media":0,"parent":0,"menu_order":0,"comment_status":"closed","ping_status":"closed","template":"","meta":[],"_links":{"self":[{"href":"https:\/\/chemindesoie.com\/index.php?rest_route=\/wp\/v2\/pages\/245"}],"collection":[{"href":"https:\/\/chemindesoie.com\/index.php?rest_route=\/wp\/v2\/pages"}],"about":[{"href":"https:\/\/chemindesoie.com\/index.php?rest_route=\/wp\/v2\/types\/page"}],"author":[{"embeddable":true,"href":"https:\/\/chemindesoie.com\/index.php?rest_route=\/wp\/v2\/users\/1"}],"replies":[{"embeddable":true,"href":"https:\/\/chemindesoie.com\/index.php?rest_route=%2Fwp%2Fv2%2Fcomments&post=245"}],"version-history":[{"count":7,"href":"https:\/\/chemindesoie.com\/index.php?rest_route=\/wp\/v2\/pages\/245\/revisions"}],"predecessor-version":[{"id":502,"href":"https:\/\/chemindesoie.com\/index.php?rest_route=\/wp\/v2\/pages\/245\/revisions\/502"}],"wp:attachment":[{"href":"https:\/\/chemindesoie.com\/index.php?rest_route=%2Fwp%2Fv2%2Fmedia&parent=245"}],"curies":[{"name":"wp","href":"https:\/\/api.w.org\/{rel}","templated":true}]}}